f m?
0
Let c = 19 - 7. What is the tens digit of c?
1
Let n = 7 + -5. Suppose n*q - 4*j - 18 = 0, j = -3*q + 2*j + 22. What is the units digit of q?
7
Suppose -3*s - 12 = -0*s. Let g(x) = -8*x - 3. What is the units digit of g(s)?
9
What is the units digit of (13/(-3))/(-2 + 34/18)?
9
Let z be ((-48)/20)/((-3)/40). Let t = z + -17. Let s = -2 + t. What is the tens digit of s?
1
Suppose 3*o = 4*o - 2, 4*m = -o - 94. Let c = 54 + m. What is the tens digit of c?
3
Suppose 0 = -2*a + a - 15. Let u = 21 + a. Suppose u + 2 = 4*h. What is the units digit of h?
2
Let t(g) = 13*g**2 - 2*g - 5. Let f be t(4). Suppose v - f = -5*a, -4*a + v + 41 = -106. What is the units digit of a?
8
Let h(l) = 2*l**2 + 2*l - 1. Let s be h(-2). Suppose -2*p = -z - 3*z - 88, -s*z = 5*p - 155. What is the tens digit of p?
3
Suppose -4*m - 576 = -h - h, -868 = -3*h + 4*m. What is the tens digit of h?
9
What is the units digit of (-1222)/(-8) - 1/((-4)/1)?
3
Suppose 0 = -3*p + 115 + 11. What is the tens digit of (p/(-8))/((-3)/12)?
2
Let x = 29 - 13. Let t(c) = -c - 3. Let j be t(-6). Suppose p + x = j*p. What is the units digit of p?
8
Let f(l) = 0*l**3 - 3*l**2 + l**3 - l - l**2 - 3*l**3. Let k be f(-3). Suppose 5*c - 49 = k. What is the units digit of c?
4
Let y(u) = -u + 4. Let i be -8*1*(-3)/6. Let p be y(i). Suppose 0 = -5*l - p*l + 25. What is the units digit of l?
5
Suppose -h - 4*g + 98 = 0, -136 = -4*h + 2*h + 4*g. Suppose -3*j + 4*u = -j - 42, 5*u = 4*j - h. What is the tens digit of j?
1
Let w = -18 - -13. Let b(o) = o + 3. Let m be b(w). What is the units digit of (-4)/(0 - m) - -6?
4
Let a(u) = -3*u**3 - 2*u**2 + 5*u + 11. What is the tens digit of a(-4)?
5
Suppose 4*i - 121 = 71. Suppose -i = 6*u - 10*u. What is the units digit of u?
2
Suppose -14 = -5*t + 16. What is the units digit of t?
6
Let d(i) = -i**3 + 7*i**2 + 9*i - 8. Let f be d(8). Suppose f = 3*o - 47 + 11. What is the tens digit of o?
1
Let l(n) = -7*n**3 + 4 - n**2 + 0*n**3 - 3. Let t be (-4)/(-6)*6/(-4)*1. What is the units digit of l(t)?
7
Let l(w) = -w**2 + 9*w - 1. What is the units digit of l(8)?
7
Let j be 22/(-55) - (-6)/(-10). Let y(w) = -w**2 - 5*w - 2. Let m be y(-3). Let c = m + j. What is the units digit of c?
3
Let p(d) = d**3 - 3*d**2 - 4*d + 37. What is the tens digit of p(6)?
2
Let a(s) = 8*s + 3. What is the tens digit of a(3)?
2
What is the tens digit of ((-28)/12 + 1)*-9?
1
Let c(t) = 4*t**3 + 2*t - 3. Let f be c(2). Suppose f = 3*v - 6. What is the tens digit of v?
1
Let y(a) = -a**2 + 12*a - 5. Let n(h) = h**2 - 4*h. Let d be n(5). Let j be y(d). Suppose 0*s = 3*s - j. What is the units digit of s?
0
Let t(n) = -2*n**3 - 21*n**2 - n + 10. Let x(p) = p**3 + 10*p**2 + p - 5. Let c(d) = -3*t(d) - 5*x(d). What is the tens digit of c(-13)?
2
What is the tens digit of 36/10 - 3 - 636/(-15)?
4
Let m(n) = -2*n**3 - 3*n**2 + 4*n - 7. What is the tens digit of m(-4)?
5
Let v(x) = -x**3 + 14*x**2 + 2*x - 20. Suppose 5*g - 85 = -5*f, 3*f + 15 + 4 = 2*g. What is the units digit of v(g)?
8
Let r(k) = -k + 17. What is the units digit of r(-8)?
5
What is the hundreds digit of 5*52/(-4)*-2?
1
Suppose -4*v - 36 = -0*v. Let j(q) = -5*q - 1. Let i be j(1). What is the units digit of ((-8)/(-3))/(i/v)?
4
Let w(l) = l**2 + 2*l. Let r be 8/(-28) - (-66)/(-14). What is the tens digit of w(r)?
1
Let s = 329 - 76. What is the tens digit of s?
5
Suppose c + 4 + 7 = -3*o, 5*o + 2*c + 18 = 0. Let h be (-2)/8 - 21/o. Suppose h*q - 16 = 3*p, -7 = 2*p - 3*q + 2. What is the units digit of p?
3
Suppose 4 = 5*a - 6. Let m(d) = -d + 0 + d**2 + 0*d**2 + 0*d**2 + 1. What is the units digit of m(a)?
3
Suppose -4*h = -0*h - 32. Let i = h - 6. Suppose i*r = r + 9. What is the units digit of r?
9
Let a be 2/(-6) - (-4)/12. Suppose -b + 2*b - 17 = a. What is the tens digit of b?
1
Suppose 0 = 3*l + 12 + 12. Let a(j) = 0*j**2 + 18 - 7*j - 7 - j**2. What is the units digit of a(l)?
3
Suppose -266 = -5*f + 3*f. What is the tens digit of f?
3
Let n be ((-12)/15)/(1/20). What is the tens digit of (22/8)/((-4)/n)?
1
Let k = -38 - -89. What is the units digit of k?
1
Let i = 2 - 40. What is the units digit of (-16)/72 + i/(-9)?
4
Let h = 45 - 27. What is the units digit of 104/h + (-2)/(-9)?
6
Let m be ((-6)/(-7))/(5/70). Let a = m + -5. What is the units digit of a?
7
Let p be 2/(-4) + (-44)/(-8). Let g(s) = 5*s + 6. Let y be g(p). Let o = -21 + y. What is the units digit of o?
0
Let s = 10 + -8. Suppose 0 = -s*b - z + 5, -25 = b - 3*b + 3*z. What is the units digit of b?
5
What is the hundreds digit of (26/(-39))/(2/(-351))?
1
Let o(l) = -7*l**2 + 0*l**3 + 3*l - 6 + l**3 + 1 - 4. Let c be o(7). Let k = c - 0. What is the tens digit of k?
1
Let s = 4 + -4. What is the tens digit of (s + -9)/(24/(-64))?
2
Let i = 261 + -129. What is the hundreds digit of i?
1
Let f = 88 + 22. What is the units digit of f?
0
Let b = 3 + -3. Let x be -1 + (-9)/1 + b. What is the units digit of 3 - (x + (-6)/(-2))?
0
Suppose -2 = 2*p + 6. What is the units digit of p/(-16) - (-23)/4?
6
Let n(v) = -10*v + 7. What is the units digit of n(-6)?
7
Let j(k) = -k**3 + 5*k**2 - 2*k - 2. Let h be j(4). Suppose -h = -5*t - 86. Let d = t - -25. What is the units digit of d?
9
Suppose 4*r = 4*u + 464, 0 = -4*r + 2*u - u + 476. Suppose -5*o = 4*w + r, 2*w - 5*o - 41 + 101 = 0. Let n = w + 46. What is the units digit of n?
6
Suppose 31 - 117 = -j. Let t = j - 60. What is the tens digit of t?
2
Let s(p) = -5*p**2 - 3*p + 3. Let m(n) = 9*n**2 + 6*n - 7. Let d(y) = 4*m(y) + 7*s(y). Let t be 23/(-4) + (-4)/16. What is the units digit of d(t)?
1
Let c be (-4)/22 + (-72)/(-33). Let x = 5 - c. What is the units digit of x?
3
Let u be 15/(-1)*(-1 - -3). What is the tens digit of 2 - 3 - u/2?
1
Let n(h) = -6*h**3 - 10*h**2 - 5*h - 3. What is the units digit of n(-4)?
1
What is the tens digit of 2/(-5) + -4 + (-948)/(-20)?
4
Let p = 0 + 2. Suppose p*t + 4 = 3*x, -3*x = -5 - 7. Let a = t + -3. What is the units digit of a?
1
Suppose 3*a = -a + 188. What is the tens digit of a?
4
What is the hundreds digit of (((-24)/18)/1)/((-2)/417)?
2
Suppose -3*t = -2*g + 91 + 83, 2*g - 4*t - 176 = 0. What is the units digit of g?
4
What is the units digit of (1 + 0 - 0)*68?
8
Let v(s) = -s**2 + 5*s - 1. Let y be v(4). Suppose -2*j = l - 10, 26 = 2*l + y*l + 2*j. What is the units digit of l?
4
Let s be ((-1 + 1)*1)/2. Suppose 2*r + 2 - 32 = s. What is the units digit of r?
5
Let o(m) = 2*m**2 - m. Let a be o(-7). Suppose -r - a = -6*r. What is the tens digit of r?
2
Suppose -248 = -4*k + 4*g, 4*k - 165 = 3*g + 80. What is the units digit of k?
9
Let k = -86 + 109. What is the units digit of k?
3
Let v(k) = k**2 - 3*k + 4. Let z be v(3). Suppose -5*j = z + 6. What is the units digit of 2*j/12*-3?
1
Let q(x) = -x**3 + 4*x**2 + 4*x + 7. Let s(j) = 4*j + 1. Let c be s(1). Let l be q(c). Suppose 5*i = l*i + 6. What is the units digit of i?
2
Suppose -2 - 23 = -5*k. Suppose 3*i + 16 - 55 = 0. Let z = i - k. What is the units digit of z?
8
Suppose -d - 26 + 112 = 0. Let y = d - 56. Suppose -5*a = 3*g - 4*a - y, -5*a + 6 = -g. What is the units digit of g?
9
Suppose -5 = -3*b + 25. Suppose -5*f = -45 - b. What is the tens digit of f?
1
Suppose i + 15 = 4*n + n, -3*i + 4*n = 12. Suppose o + 4*o - 195 = i. What is the tens digit of o?
3
Let j(v) = v + 7. Let h be j(-6). Let r be (12/(-3) + 1)*-1. Let s = h + r. What is the units digit of s?
4
Let a = 17 - 41. Let m = 17 + a. Let n = 22 + m. What is the tens digit of n?
1
Let l be -2 - (0/(-2) + 13). Let n = l - -11. Let d = n - -6. What is the units digit of d?
2
Suppose 4*v - 710 + 218 = 0. What is the hundreds digit of v?
1
Suppose -3*j - 5 = -8*j. Let p be 2/(-6)*j*-15. Suppose -2*c - d + 1 = -c, -p*d = 2*c + 7. What is the units digit of c?
4
Suppose 0 = 4*w - 146 - 2. What is the units digit of w?
7
Let f(v) = v**2 + v - 18. What is the tens digit of f(9)?
7
Suppose -4*h - 2*b + 118 = 0, 3*h + 0*b = b + 76. Let k = -19 + h. What is the units digit of k?
8
Suppose -4*v + 4 = -3*v. Suppose v*g = 3*g + 23. What is the units digit of g?
3
Suppose -4*f - 318 = -7*f. What is the units digit of f?
6
Let g(p) = -p**3 - 2*p**2 - p + 4. What is the tens digit of g(-3)?
1
Let o(c) = c**2 - 6*c + 4. Let a be o(6). Let p = a + -2. Suppose -20